593. What is the greatest common divisor of 6 and k?
6
Let p(z) = -2*z + 25. Let v be p(-4). Let q = v - 28. Suppose -2*w + 4*y - 1 = -q*w, 13 = -w - 4*y. What is the highest common divisor of w and 1?
1
Let w be (18 - (-2 - 4))/(6/(-2648)). Let c = -5540 - w. Let m be c/42 - (2 - (-36)/(-21)). What is the greatest common factor of m and 24?
24
Let m(j) = -j**3 - 12*j**2 - 31*j - 27. Let z be m(-12). What is the highest common divisor of z and 495?
15
Let f(p) = p**2 + 10*p + 13. Let c be f(-3). Let v be 44/c + 6 - 35/(-2). Suppose k = v - 11. What is the highest common divisor of k and 7?
7
Let m be (-29)/(-145) + (-412)/10. Let w = 44 + m. What is the greatest common factor of 39 and w?
3
Let i(g) = 60*g - 4104. Let q be i(69). Suppose -2*l + 0*l + 4*h + 222 = 0, 9 = 3*h. What is the highest common divisor of q and l?
9
Suppose 2*a = -5*p + 40 - 6, a = p - 11. Suppose 0 = -p*c + 86 + 74. Calculate the greatest common divisor of 50 and c.
10
Let v = -43 - -43. Suppose v = 4*k + 11 - 3. Let s be ((-11)/2)/(k/20). What is the greatest common factor of 5 and s?
5
Let m(p) = 105*p - 17. Let c be m(-1). Let s = c - -172. Calculate the greatest common divisor of 100 and s.
50
Suppose 5*x = 4*s - 5, 2*s - 12*x = -15*x + 19. Suppose -30*t + 28*t = -p - 609, 0 = -s*t + 2*p + 1521. Calculate the greatest common factor of t and 101.
101
Let b(l) = 9*l**2 - 134*l - 307. Let c be b(35). Calculate the highest common divisor of c and 44.
44
Suppose 5*o + l = 916, o - 2*l = -l + 188. Calculate the highest common factor of o and 1863.
23
Let q(i) = 5*i**2 - 152*i + 413. Let n be q(29). Let g(h) = 2*h**2 - 9*h - 11. Let z be g(8). Calculate the greatest common factor of z and n.
15
Let g be ((-102)/(-12) - 2/(-4)) + 12 + -14. Calculate the highest common factor of 6146 and g.
7
Let q(r) = -r**2 - 251*r - 5337. Let y be q(-26). What is the highest common factor of 81 and y?
27
Suppose 0 = -f - 75 + 82. Suppose 37 = c - f. What is the highest common divisor of 44 and c?
44
Let l(y) = -y**3 - 8*y**2 + 22*y + 27. Let x be l(-10). Suppose -x*z + 945 = 8*z. What is the greatest common divisor of 105 and z?
21
Suppose -13 = -3*p + 26. Suppose p*d = 14*d - 8. What is the greatest common factor of d and 8?
8
Suppose n = 2*n - 100. Suppose 0 = -7*w - 17*w + 1440. Calculate the greatest common factor of n and w.
20
Suppose -n = 2*n - 1134. Suppose -7*w = -4*w + 3*x - 243, x = -4*w + 333. What is the highest common divisor of n and w?
42
Let m be 2/3 - (3152/(-6) - 1). Let a = -366 + m. Calculate the highest common factor of 23 and a.
23
Suppose -4*y + 4 = p, -4*p - 10 = -5*p + 2*y. Let l be -1 - (-8 - (p + 357)). What is the highest common factor of 31 and l?
31
Suppose -5*j - 3*v = -40058 - 11200, 0 = -3*v + 18. What is the highest common factor of 6 and j?
6
Suppose 0 = 19*v + 13338 - 3002. Let t = -512 - v. Calculate the greatest common divisor of 52 and t.
4
Suppose 2*z + 8*z = -2*z. Suppose 38 = 2*h + 4*j + j, z = 5*h - 4*j - 62. What is the highest common factor of 126 and h?
14
Let i be -4*(14/(-4) - -1). Let c(k) = k**3 + 8*k**2 + 4*k + 12. Let d be c(-8). Let g be 14/4 - 10/d. Calculate the greatest common factor of i and g.
2
Suppose -3*a - 12 = 0, -a + 126 = -4*w - 6. Let k = w - -139. Calculate the highest common divisor of k and 30.
15
Let z be 15*1/((-120)/126 - -1). Let r = z - 283. Let y be (-100)/(-6) - 2/3. What is the greatest common divisor of y and r?
16
Suppose 3*y + 30 = 6*y. Suppose 54*r - 17*r = 0. Suppose 2*m + 14*m - 160 = r. Calculate the highest common factor of y and m.
10
Suppose -11*m = -12*m - 32. Let u = -26 - -82. Let t = m + u. What is the highest common factor of t and 120?
24
Let l(g) = -g**3 + 6*g**2 - 3*g + 21. Let m be l(6). Let t = 67 + m. Calculate the greatest common divisor of 245 and t.
35
Suppose -1032*k + 1013*k + 35416 = 0. Calculate the greatest common divisor of 104 and k.
8
Suppose 53*h + 56318 = 56371. Let c(l) = -l**3 - 2*l**2 + 2*l - 7. Let d be c(-5). Suppose d = 4*m + 18. Calculate the highest common divisor of m and h.
1
Let u = 35 + -153. Let x = u - -204. What is the highest common divisor of x and 2?
2
Suppose 5*z - 2*o + 2 = 3*z, -o = 5*z - 1. Suppose z*k + k - 24 = 0. What is the greatest common divisor of 648 and k?
24
Let o = -4030 - -4079. Calculate the greatest common divisor of 98 and o.
49
Suppose 3*k + 27 - 423 = 0. Calculate the highest common divisor of k and 957.
33
Suppose -3*u + 520 = -236. Let c be (-1 + 2)/((-7)/784*-4). Calculate the highest common factor of c and u.
28
Let b = -129 - -201. What is the greatest common factor of 376 and b?
8
Let c be 17082/(-12)*2/(-3). Let n be (-10)/(-8)*(-1464)/(-305) - -7. Calculate the greatest common divisor of c and n.
13
Let c(w) = 7*w**2 + 31*w + 142. Let n be c(-4). Calculate the greatest common factor of 416 and n.
26
Suppose 141*k + 53218 = 259*k. What is the greatest common divisor of 410 and k?
41
Let y(p) = 91*p**2 - 113*p - 216. Let d be y(-2). What is the highest common factor of d and 264?
22
Suppose 16*t = 37*t. Suppose 2*a + 323 - 339 = t. Calculate the greatest common divisor of a and 2.
2
Let x = -84 - -56. Suppose 3*h - 65 = 49. Let l = h + x. What is the greatest common factor of l and 70?
10
Suppose -255781 = -309*l + 102745 - 82898. What is the highest common factor of l and 8?
4
Let z(w) = 7*w - 146. Suppose 4*r + 2*t - 80 = 0, 56 = 2*r - 4*t + t. Let j be z(r). Calculate the greatest common factor of 232 and j.
8
Suppose -13*y - 43*y + 4480 = 0. Suppose -4*i - i = -t - 120, -y = -4*i + 4*t. What is the highest common divisor of 5 and i?
5
Suppose 40*o + 3194 = -5*s + 39*o, o = 5*s + 3186. Let k = s + 682. Calculate the greatest common factor of 77 and k.
11
Let b be (6 + -1)*22/(-275)*-1390. Calculate the greatest common factor of 1 and b.
1
Let y be (10/3)/(22/(-24)*(-146)/803). Let i(o) = o**3 + 9*o**2 + 4*o + 8. Let l = 11 - 19. Let p be i(l). What is the greatest common divisor of p and y?
20
Let r = -7833 - -7854. What is the highest common divisor of r and 213?
3
Suppose -l + 1199 = 5*r, -2580*r = -2577*r + 3*l - 717. What is the greatest common factor of 20560 and r?
80
Let r be (-2 + 22 - -3) + 2. Suppose -2*q = 3*q - r. Suppose -3*y - 5*b - 5 = 2, q*b = 5*y - 55. Calculate the highest common factor of 2 and y.
2
Let m be -2*(-10 + 0/(-1)). Let s = 933 - 1074. Let p = 341 + s. What is the highest common divisor of m and p?
20
Let w be 325 - (16 + -13 + (1 - 3)). Suppose n + w = 10*n. Suppose d + 408 = 2*d + 4*x, -2*x = -4*d + 1578. What is the highest common factor of d and n?
36
Let w = -41 - -93. Let g = -870 - -873. Suppose 0 = 13*q - g*q - 780. Calculate the greatest common divisor of w and q.
26
Let g = -376 + 798. Let z = 437 - g. Let v be 45/(-6)*1*-22. What is the greatest common divisor of v and z?
15
Let l be (26040/1519)/((-15)/(-42)). Suppose 5*y - 26 - 214 = 0. What is the greatest common factor of l and y?
48
Let h be ((-138)/(-30) + -5)*-5*1. Suppose 4*t + 162 = 2*k, 5*k - 135 = -h*t + 246. Calculate the greatest common divisor of 11 and k.
11
Let j be -8 - (12754/(-7) - 11). What is the greatest common divisor of 146 and j?
73
Let r be 78/52*(53/3 + -1). Let g = -273 - -448. What is the greatest common factor of r and g?
25
Suppose 0 = -3*y - 4*m + 334, -10*y + 302 = -7*y - 4*m. Let j = y + -91. What is the highest common divisor of j and 40?
5
Suppose -l + 144 = 2*l. Suppose 0 = 4*p + 24 + l. Let k(n) = -n**2 - 18*n + 10. Let r be k(p). Calculate the highest common factor of 10 and r.
10
Let k be 8 + -13 + 1 + 7. Let o(p) = p**2 - 4*p - 10. Let u be o(8). Let y = u - -17. What is the greatest common divisor of k and y?
3
Suppose 8632 = -6*o + 47*o - 18633. Calculate the greatest common divisor of 570 and o.
95
Suppose 85 - 13 = 4*t. Suppose -92 = -2*r + 8*z, -2*r - 4*z + 26 = -z. Calculate the greatest common factor of r and t.
2
Let d = 42 + -10. Suppose m = 6*m - 4320. What is the greatest common factor of d and m?
32
Let c be 6/(-3)*((-489)/6 - -8). Calculate the greatest common divisor of c and 378.
21
Suppose -f + 3*z = -9, -9*z = -4*f - 8*z + 80. Let m = 12 + -6. Calculate the highest common divisor of f and m.
3
Let q = -2888 + 2937. What is the highest common divisor of q and 63?
7
Suppose 0 = -5*